 is the hundred thousands digit of 1373990?
3
What is the thousands digit of 232516?
2
What is the ten millions digit of 13637783?
1
What is the units digit of 846514?
4
What is the tens digit of 102148?
4
What is the units digit of 26782?
2
What is the hundreds digit of 894033?
0
What is the hundreds digit of 2492079?
0
What is the tens digit of 5489444?
4
What is the ten millions digit of 13964785?
1
What is the units digit of 936026?
6
What is the hundred thousands digit of 4261523?
2
What is the hundred thousands digit of 220433?
2
What is the hundred thousands digit of 4671537?
6
What is the hundreds digit of 279439?
4
What is the units digit of 3232894?
4
What is the thousands digit of 2308000?
8
What is the hundred thousands digit of 34797342?
7
What is the millions digit of 4379405?
4
What is the thousands digit of 260159?
0
What is the ten millions digit of 17639514?
1
What is the thousands digit of 6056917?
6
What is the hundred thousands digit of 368458?
3
What is the thousands digit of 378521?
8
What is the millions digit of 14938792?
4
What is the tens digit of 92883?
8
What is the hundred thousands digit of 215730?
2
What is the hundreds digit of 146334?
3
What is the thousands digit of 399581?
9
What is the tens digit of 351782?
8
What is the hundred thousands digit of 11869804?
8
What is the ten thousands digit of 314838?
1
What is the hundreds digit of 1056866?
8
What is the tens digit of 13625556?
5
What is the ten thousands digit of 1665787?
6
What is the thousands digit of 28388443?
8
What is the millions digit of 5517402?
5
What is the millions digit of 1588759?
1
What is the hundred thousands digit of 506106?
5
What is the hundred thousands digit of 988412?
9
What is the thousands digit of 194450?
4
What is the ten thousands digit of 152063?
5
What is the units digit of 17648826?
6
What is the hundred thousands digit of 1323733?
3
What is the hundred thousands digit of 10776196?
7
What is the ten thousands digit of 2306062?
0
What is the hundreds digit of 205209?
2
What is the hundred thousands digit of 425764?
4
What is the hundred thousands digit of 2435630?
4
What is the hundreds digit of 6599347?
3
What is the millions digit of 1248822?
1
What is the millions digit of 1864420?
1
What is the hundreds digit of 230847?
8
What is the hundreds digit of 248492?
4
What is the hundred thousands digit of 1425518?
4
What is the ten thousands digit of 18674602?
7
What is the hundreds digit of 17583606?
6
What is the ten thousands digit of 469649?
6
What is the hundreds digit of 5815714?
7
What is the tens digit of 4222278?
7
What is the ten thousands digit of 601608?
0
What is the millions digit of 4171859?
4
What is the units digit of 841237?
7
What is the tens digit of 245969?
6
What is the tens digit of 7054011?
1
What is the units digit of 173292?
2
What is the ten thousands digit of 524167?
2
What is the ten thousands digit of 575794?
7
What is the tens digit of 805296?
9
What is the ten millions digit of 11032243?
1
What is the thousands digit of 111983?
1
What is the hundreds digit of 538063?
0
What is the millions digit of 1650805?
1
What is the units digit of 3098095?
5
What is the units digit of 333335?
5
What is the hundred thousands digit of 530075?
5
What is the ten millions digit of 17090661?
1
What is the thousands digit of 2082691?
2
What is the tens digit of 243224?
2
What is the units digit of 3719865?
5
What is the ten thousands digit of 148222?
4
What is the ten thousands digit of 1686434?
8
What is the hundreds digit of 12131966?
9
What is the hundred thousands digit of 562290?
5
What is the hundred thousands digit of 554664?
5
What is the thousands digit of 3959439?
9
What is the millions digit of 2112388?
2
What is the thousands digit of 153853?
3
What is the tens digit of 21064982?
8
What is the tens digit of 51893?
9
What is the thousands digit of 2940776?
0
What is the hundreds digit of 144654?
6
What is the ten thousands digit of 2241825?
4
What is the hundreds digit of 459980?
9
What is the thousands digit of 19115?
9
What is the millions digit of 1752693?
1
What is the thousands digit of 149824?
9
What is the tens digit of 2975221?
2
What is the units digit of 13285744?
4
What is the units digit of 1266202?
2
What is the thousands digit of 394657?
4
What is the tens digit of 68396?
9
What is the millions digit of 11828082?
1
What is the hundred thousands digit of 1049962?
0
What is the tens digit of 90080?
8
What is the units digit of 1288652?
2
What is the millions digit of 2488673?
2
What is the hundreds digit of 1016810?
8
What is the tens digit of 610954?
5
What is the thousands digit of 18277?
8
What is the thousands digit of 255215?
5
What is the millions digit of 15424068?
5
What is the thousands digit of 18537?
8
What is the hundred thousands digit of 305718?
3
What is the thousands digit of 1138896?
8
What is the ten thousands digit of 217142?
1
What is the hundred thousands digit of 168811?
1
What is the hundreds digit of 271901?
9
What is the hundreds digit of 1297350?
3
What is the hundreds digit of 71567?
5
What is the thousands digit of 172629?
2
What is the millions digit of 2654878?
2
What is the hundreds digit of 195760?
7
What is the ten thousands digit of 23681?
2
What is the thousands digit of 177888?
7
What is the hundreds digit of 159007?
0
What is the hundred thousands digit of 269035?
2
What is the ten thousands digit of 1533944?
3
What is the hundreds digit of 2554784?
7
What is the units digit of 18498462?
2
What is the tens digit of 62467?
6
What is the hundreds digit of 81316?
3
What is the ten thousands digit of 1671968?
7
What is the hundred thousands digit of 582740?
5
What is the thousands digit of 254742?
4
What is the units digit of 1595530?
0
What is the units digit of 182775?
5
What is the units digit of 198772?
2
What is the hundreds digit of 3465984?
9
What is the hundreds digit of 1873970?
9
What is the tens digit of 1653701?
0
What is the tens digit of 58960?
6
What is the thousands digit of 2102243?
2
What is the tens digit of 16510032?
3
What is the tens digit of 4565720?
2
What is the millions digit of 18390194?
8
What is the tens digit of 153277?
7
What is the millions digit of 4344961?
4
What is the hundreds digit of 335063?
0
What is the thousands digit of 26120458?
0
What is the units digit of 134263?
3
What is the hundreds digit of 7228434?
4
What is the hundreds digit of 29609301?
3
What is the hundred thousands digit of 15029564?
0
What is the hundred thousands digit of 2662643?
6
What is the thousands digit of 1904496?
4
What is the hundred thousands digit of 4014559?
0
What is the hundred thousands digit of 1449231?
4
What is the hundreds digit of 457105?
1
What is the ten thousands digit of 17667456?
6
What is the hundred thousands digit of 3596968?
5
What is the units digit of 279600?
0
What is the units digit of 4174?
4
What is the ten millions digit of 13553565?
1
What is the tens digit of 3237539?
3
What is the hundred thousands digit of 689520?
6
What is the units digit of 7056923?
3
What is the millions digit of 1628811?
1
What is the tens digit of 305647?
4
What is the units digit of 2796445?
5
What is the hundred thousands digit of 2457899?
4
What is the tens digit of 5507934?
3
What is the tens digit of 425584?
8
What is the thousands digit of 386274?
6
What is the thousands digit of 32244366?
4
What is the hundreds digit of 435175?
1
What is the tens digit of 569968?
6
What is the millions digit of 4635864?
4
What is the thousands digit of 62986?
2
What is the hundreds digit of 51023?
0
What is the units digit of 7831665?
5
What is the thousands digit of 5491692?
1
What is the hundred thousands digit of 7352015?
3
What is the tens digit of 7660177?
7
What is the thousands digit of 841675?
1
What is the thousands digit of 113598?
3
What is the ten thousands digit of 10561696?
6
What is the units digit of 278474?
4
What is the tens digit of 20163849?
4
What is the units digit of 371056?
6
What is the hundred thousands digit of 10396132?
3
What is the tens digit of 18494999?
9
What is the units digit of 1431287?
7
What is the hundreds digit of 2086699?
6
What is the hundred thousands digit of 168707?
1
What is the units digit of 487512?